et y(o) = -o**3 + 6*o**2 + 7*o - 8. Determine y(p).
-8
Let d = 1 + -3. Let c(b) = 189*b**3 + 183*b**3 - 1 + 180*b**3 - 553*b**3 + b**2 + 2*b. What is c(d)?
7
Let y be (3*4)/((-6)/(-4)). Let p = y - 10. Let z(i) = -3*i + 2*i - i**2 - 3*i - 2 + 2*i. What is z(p)?
-2
Let v(t) = -t**2 - t + 1. Let b(y) = 3*y**2 + 8*y + 3. Let r(f) = -b(f) - 2*v(f). Give r(-4).
3
Let z(c) = c**3 - 21*c - 1 - 7*c**2 + 7*c + 11*c. Determine z(6).
-55
Suppose 0 = 5*b - 15, b + 6 = -5*p + 4*p. Let y be (2 + p)*(-16)/14. Let j(q) = q**3 - 7*q**2 - 11*q + 9. What is j(y)?
-15
Let a(w) = -3*w**3 - 3*w**3 + 14*w + 5*w**3 - 10*w**2 + 3*w**2 - 5*w + 9. Give a(-8).
1
Suppose 3*x + 6 = 5*x. Let u(t) = -272*t + 271*t + 3 + 1. Give u(x).
1
Let l(h) = h**3 + 2*h**2 + 3*h + 3. Let p(x) = x**3 + 7*x**2 + x + 4. Let v be p(-7). Let w = -3 - v. Suppose -5*d - 11 + 1 = w. Calculate l(d).
-3
Let z(d) = -d**2 + 10*d + 7 - 9*d + 17*d. Let x be z(18). Let v(l) = -l**3 + 6*l**2 + 5*l + 1. Calculate v(x).
-13
Let a(i) = 7*i**3 + i. Suppose u - 4*z + 13 = 6*u, -8 = -4*z. Calculate a(u).
8
Let v(o) = 6 + o + 22*o**2 - 8*o**2 - 4 - 18*o**2 + o**3. Let l be (-4)/(-14) + (-78)/(-21). Calculate v(l).
6
Let r(q) = q**3 - q**2 + 1. Let h = 200 - 199. Determine r(h).
1
Let h(t) be the first derivative of t**4/4 + t**3/3 - 11*t + 42. Give h(0).
-11
Let b(u) be the third derivative of -1/120*u**6 - 1/6*u**3 + 1/8*u**4 + 0*u + 1/12*u**5 - 2*u**2 + 0. Suppose 48*f - 49 = 191. What is b(f)?
14
Let m(n) = n**3 - 2*n**2 + n - 2. Suppose -1 - 7 = -4*h. Let s be m(h). Let g(c) = -4*c + s*c**2 - c**3 - 2 + 6*c**2 + 0*c**3. What is g(5)?
3
Let h(z) be the first derivative of -z**5/20 - 3*z**4/4 - 3*z**3/2 - z**2 + z - 39. Let q(w) be the first derivative of h(w). Determine q(-8).
6
Suppose -379*d = -397*d - 54. Let q(y) = -y + 1. What is q(d)?
4
Let i = 550 - 561. Let y(a) = -6*a - 9. Give y(i).
57
Suppose 4*t = -2*y - 2, 4*t - 6 + 14 = 0. Suppose -6*c + 4*c = 5*k - 15, 5*k - 15 = -5*c. Let x be (-8 + y)/(k/(-3)). Let z(s) = -s**3 + 5*s**2. Calculate z(x).
0
Let l be -103 + 21 + 0 + 1 + 0. Let u = 77 + l. Let p(x) = x**2 + 4*x - 4. What is p(u)?
-4
Suppose 16 = -u - 3*u + 4*m, 3*m - 10 = 5*u. Let j = u + 3. Let p(d) = 15*d - 16*d + 0 + d**2 + 1. Calculate p(j).
13
Suppose 35 = 2*k + k + q, -4*k + 4*q + 36 = 0. Let y(b) = 3*b**2 - k*b**2 + 0 + 1 - 7*b + 4*b**3 - 5*b**3. Determine y(-7).
1
Let g(s) = -6*s**3 + s**2 - 6. Let j(l) = l**3 + 1. Let r(q) = g(q) + 5*j(q). What is r(-1)?
1
Suppose -5*m - 5*z = -10 - 20, 2*m - 14 = -4*z. Let j(h) = -2 + 5 - 2 + m*h - 4*h. Suppose 0 = c + 4*c - 20. What is j(c)?
5
Let m(u) = 2*u**2 - 13*u + 9. Suppose 15 - 3 = 4*t - 4*l, -3*t + 3 = -5*l. Let f be m(t). Let y(v) = -3 + 1 - v**3 + 0*v + 4*v**2 - v. Give y(f).
4
Suppose 48 = n + 3*n. Let h be (-110)/16 + 2/(-16). Let g = n + h. Let p(a) = -a**2 + 4*a + 3. What is p(g)?
-2
Let o(h) = -2*h + 2. Let k(s) = -3*s + 5. Let r(a) = 3*k(a) - 5*o(a). Determine r(4).
9
Let y(p) = -3*p**2 + 29*p - 31. Let x be y(9). Let i(w) = w**2 + 14*w + 7. What is i(x)?
-6
Let p(c) = 3 - 4 + 7*c - 1 - 3 + 5*c. Calculate p(3).
31
Let a(v) = -2*v - 5. Let q(o) = -14*o + 4*o + 9*o + 1. Let y(d) = -a(d) + 3*q(d). Give y(6).
2
Let m be 4/(-10) - 18/5. Let v be (-4)/(-8) - (-10)/4. Let t(r) = -3*r - 6 - r**2 - v*r + 0. Give t(m).
2
Let n(v) = v - 10. Suppose 5*t = 2*s + 41, -14*s = 5*t - 15*s - 38. What is n(t)?
-3
Let w(t) = 3*t**2 - t + 20. Let u(o) = 3 + 4*o**2 - 3*o**2 + 4. Let g(y) = -11*u(y) + 4*w(y). Let x be 132/60 - 2/10. Determine g(x).
-1
Let g(k) = -k - 1. Let m = -3 + 16. Let t = -8 + m. Suppose 7*y = t*y + 14. Calculate g(y).
-8
Let r(d) = d**2 - 8*d - 46. Let g be r(15). Let u(x) = 109 - 31 - x - g. What is u(0)?
19
Let l(w) = -2*w - 8. Suppose -4*c - s = -8, 0*s - 4 = -2*c + 5*s. Suppose -4*i - 26 = -c*u, u = -5*i - u - 46. Determine l(i).
8
Let t(y) = 68*y + 67*y + 8 - 193*y + 62*y. Give t(-3).
-4
Let g(r) = -2*r - 41. Let y be g(-22). Let v(d) = -d**2 - 3*d + 2. Let z be v(-3). Let l(x) = x**z + 3 + 4*x - 2 - 7*x. What is l(y)?
1
Suppose -5*w + 154 = 6*w. Suppose -w = -3*d - 2*p, -5*d - 4*p + 12 = -7*d. Let o(c) = 4*c**3 + c**2 - 2*c - 1. Give o(d).
31
Let a(g) = -g**2 - 4*g - 2. Suppose 15 = -7*y - 13. What is a(y)?
-2
Let f(j) = 2*j**2 - j - 1. Let i(k) = k**3 - 15*k**2 - 18*k + 36. Let r be i(16). Let q be -1*2 - r/16*-4. Calculate f(q).
2
Let j(o) = -6 + 11 - 5 - 9*o - 9. Let n be j(-2). Let q(g) = 8*g**2 - 9*g**2 - 2 + n*g - 3*g. Give q(3).
7
Let z(a) be the first derivative of -1/2*a**2 + 13 - 7*a. Determine z(-6).
-1
Let u be ((-33)/(-132))/((-2)/(-8)). Let g(n) = 17*n - 2. Calculate g(u).
15
Let k(j) = -6*j - 63. Let o be k(-11). Let z(d) = -13*d + 1. Determine z(o).
-38
Let o(u) = u - 1. Let y = 988 + -991. Determine o(y).
-4
Let w(y) = 11*y**2 + 20*y + 8. Let h(a) = -21*a**2 - 34*a - 13. Let s(p) = 3*h(p) + 5*w(p). Give s(1).
-9
Let r(i) = i**2 - 4. Let d(h) = h**2 + h - 4. Let o = -49 + 7. Let g be (-20)/25 - o/(-10). Let x(s) = g*r(s) + 6*d(s). Give x(-7).
3
Let x(s) = 2*s - 2*s + 6 + 3*s - 11 - 6. Let a be 32/10*5/2. Give x(a).
13
Let c(j) = j**2 - 3*j - 5. Let k = -5 - -2. Suppose 0 = 4*m - 3*m - 1. Let y be k/m - 2*-4. Calculate c(y).
5
Let o = 27 - 17. Suppose 19*t = 14*t + o. Let q(w) = -6*w + 3. Give q(t).
-9
Let i(b) be the second derivative of 1/2*b**2 + 0 - 1/3*b**3 + 5*b. Determine i(-2).
5
Suppose -7 = -3*t - 1. Let u(b) be the second derivative of 0 + b**t - 1/3*b**3 - 1/20*b**5 + 4*b + 1/4*b**4. Calculate u(2).
2
Let u = 6 + -26. Let i be 12/u - 46/(-10). Let r(n) = n**3 - 3*n**2 - 5*n + 6. Calculate r(i).
2
Let m(l) = -l - 1. Let o(w) = w**2 - 15*w + 1. Let x(p) = -4*m(p) + o(p). Let j be x(11). Let b(i) = i - 2. Give b(j).
3
Suppose 0 = 5*q - j - 38, 8*q - 3*q - 30 = 5*j. Let x be 2/q - (-51)/(-12). Let l(b) = -b + 7*b - 4*b - 3 - b. Determine l(x).
-7
Let f(a) = 3*a - 5. Let g be (-3 - 3)*(-1 + 5/3). Give f(g).
-17
Let c(y) = 2*y**2 - 21*y + 46. Let d be c(3). Let o(m) = -35*m**3 - m**2 + 2*m - 1. Give o(d).
-35
Let d(g) = -g**2 + 2*g + 2. Let m(i) = -4*i + 47. Let l be m(11). Give d(l).
-1
Let l(h) = h**3 - 3*h**2 - 4*h - 5. Let j be 2 + (4 + -3)*-2. Suppose j = -r - 13 - 13. Let t be r/(-8) + 24/32. Determine l(t).
-5
Let l = 103 + -103. Let z(t) = 6 + t**2 - 4 + l - 4 + 4*t. Give z(-7).
19
Let c(g) = 3*g + 1. Let n be 6/(-2)*(-3 - 0). Suppose l = 4*x + 12, 2*x - l = 1 - n. Give c(x).
-5
Let i = -65 + 67. Let p(m) = m**i + 5*m + 1 + m - 2 - 4*m. Let w(l) = l**3 + l**2 - 2*l - 3. Let a be w(-2). Calculate p(a).
2
Suppose 4*l + 267 = -3*w + 241, -w = -4*l - 2. Let y(p) = -5*p + 5. Determine y(w).
35
Suppose -15*d + 8*d = -14. Let p(v) be the third derivative of 0 - 1/24*v**4 + 1/20*v**5 + 0*v + 1/2*v**3 + 6*v**d - 1/120*v**6. Determine p(3).
0
Let t(m) = m**3 - 10*m**2 - 6*m + 13. Let a be (-4)/22*110/(-20). Let y(p) = p**3 + p. Let z(o) = a*t(o) - 2*y(o). Calculate z(-9).
4
Let o(t) = 3*t - 3. Suppose 5*b = 5*z - 25, -3*b + 7*z = 9*z. Determine o(b).
-9
Suppose 0 = 5*u + 13 + 17. Let l(z) = 7*z**3 + 17*z**2 - 3*z + 3. Let m(k) = -3*k**3 - 8*k**2 + k - 1. Let h(r) = 2*l(r) + 5*m(r). What is h(u)?
7
Let g(n) be the second derivative of 1/4*n**4 + 0 - n + n**2 + 2/3*n**3 + 1/20*n**5. Suppose -5*j = 3 + 7. Calculate g(j).
-2
Let r(z) = 64*z + 57*z - 116*z + 1. Let q = -2 + 0. Determine r(q).
-9
Let l(s) = -3*s - 1. Let f be (7 - 13)/((-6)/1). Determine l(f).
-4
Let l(a) = 2*a**2 - a. Let q(t) = 18*t**2 - 10*t. Let o(k) = -10*l(k) + q(k). Calculate o(1).
-2
Suppose -x - 24 = -2*d, 0 = 2*d - 2*x + 7*x - 12. Let u(t) = d*t + 0*t**2 - 27*t - t**2 + 9*t - 3. Determine u(-6).
3
Let z(m) = 10*m + 2. Let u be (2 - -4)/(-1 - 1). Give z(u).
-28
Let x(h) = -h - 2. Let u(a) = -2*a + 3. Let y(q) = 3*q - 3. Let l(b) = 6*u(b) + 5*y(b). Let w(p) = -2*l(p) - 5*x(p). Determine w(2).
2
Let u(n) be the third derivative of -n**8/20160 - n**6/144 + n**5/4 - 15*n**2. Let s(c) be the third derivative of u(c). Calculate s(0).
-5
Let k be ((-8)/(-2) - 2)*-1. Let v be 62/(-10) - k/10. Let g(s) = 6*s**2 + 3*s + 2. Let y(f) = f**2 - f - 1. Let d(o) = g(o) - 5*y(o). What is d(v)?
-5
Let f(r) = -r**3 + 6*r**2 - r. Suppose 2*z - 7 = z - 2*d, -5*z = 2*d - 27. Suppose -15 = 2*j - z*j. Give f(j).
20
Let s(c) = c**2 - 12*c + 14. Suppose 0*p -